{"id":9872,"date":"2022-10-10T16:52:46","date_gmt":"2022-10-10T14:52:46","guid":{"rendered":"https:\/\/www.photobylaurent.com\/?page_id=9872"},"modified":"2025-06-30T14:18:24","modified_gmt":"2025-06-30T12:18:24","slug":"boutique-editions-limitees","status":"publish","type":"page","link":"https:\/\/www.photobylaurent.com\/index.php\/boutique-editions-limitees\/","title":{"rendered":"Editions Limit\u00e9es\/Limited Edition"},"content":{"rendered":"\n<p class=\"has-small-font-size\"><strong>Mes photos sont disponibles en \u00e9dition limit\u00e9e<\/strong> :<\/p>\n\n\n\n<p class=\"has-small-font-size\">&#8211; <strong>3O exemplaires par cr\u00e9ation<\/strong>. Parfois moins en fonction de mes projets.<br>&#8211; Les tirages d&rsquo;art sont r\u00e9alis\u00e9s par un labo professionnel \u00e0 Bordeaux, sous mon contr\u00f4le.<br>&#8211; Papiers de type Fine Art de grande qualit\u00e9. Large choix (grammage, texture&#8230;).<br>&#8211; Le tirage est aussi disponible contrecoll\u00e9 sur un support Aluminium-Dibond (2 ou 3mm) pr\u00eat \u00e0 \u00eatre accroch\u00e9.<br>&#8211; Si vous le souhaitez, les tirages peuvent \u00eatre encadr\u00e9s (cadre \u00e0 bords affleurants, caisse am\u00e9ricaine&#8230;).<br>&#8211; <strong>Chaque oeuvre est sign\u00e9e au dos et livr\u00e9e avec un certificat d&rsquo;authenticit\u00e9 sign\u00e9<\/strong>.<\/p>\n\n\n\n<p class=\"has-small-font-size\"><a href=\"https:\/\/www.photobylaurent.com\/index.php\/contact\/\" data-type=\"page\" data-id=\"5896\"><strong>N&rsquo;h\u00e9sitez pas \u00e0 me contacter pour plus d&rsquo;informations (formats disponibles, d\u00e9lai de livraison, prix&#8230;)<\/strong><\/a><\/p>\n\n\n\n<figure class=\"wp-block-image size-full\"><img loading=\"lazy\" decoding=\"async\" width=\"50\" height=\"26\" src=\"https:\/\/www.photobylaurent.com\/wp-content\/uploads\/2023\/05\/drapeau-1.jpg\" alt=\"\" class=\"wp-image-10213\"\/><\/figure>\n\n\n\n<p class=\"has-small-font-size\"><strong>All my photos are available for sale in limited edition:<\/strong><\/p>\n\n\n\n<ul class=\"wp-block-list\">\n<li class=\"has-small-font-size\"><strong>30 copies for each creation<\/strong>. Sometimes less, depending on my series.<\/li>\n\n\n\n<li class=\"has-small-font-size\">Prints are made by a professional lab in Bordeaux, under my supervision.<\/li>\n\n\n\n<li class=\"has-small-font-size\">High quality Fine Art paper.<\/li>\n\n\n\n<li class=\"has-small-font-size\">Print can be sold mounted on an Aluminium-Dibond support (2 or 3mm) ready to be hung. A very elegant way to highlight artpieces. Prints can be framed with an elegant floating frames too. <\/li>\n\n\n\n<li class=\"has-small-font-size\"><strong>Each print is signed on the back and delivered with a signed certificate of authenticity.<\/strong><\/li>\n<\/ul>\n\n\n\n<p class=\"has-small-font-size\"><a href=\"https:\/\/www.photobylaurent.com\/index.php\/contact\/\" data-type=\"page\" data-id=\"5896\"><strong>Feel free to contact me for more details (available formats, delivery time, prices\u2026)<\/strong><\/a><\/p>\n\n\n\n<p class=\"has-text-align-center\"><strong>Exemple de certificat d&rsquo;authenticit\u00e9 sign\u00e9. L&rsquo;hologramme num\u00e9rot\u00e9 est aussi pr\u00e9sent au dos du tirage sign\u00e9.<br>Example of a signed certificate of authenticity. Numbered hologram is also present on the back of the signed print.<\/strong><\/p>\n\n\n\n<figure data-wp-context=\"{&quot;uploadedSrc&quot;:&quot;https:\\\/\\\/www.photobylaurent.com\\\/wp-content\\\/uploads\\\/2022\\\/12\\\/20221209_134249.jpg&quot;,&quot;figureClassNames&quot;:&quot;wp-block-image aligncenter size-full&quot;,&quot;figureStyles&quot;:null,&quot;imgClassNames&quot;:&quot;wp-image-9983&quot;,&quot;imgStyles&quot;:&quot;object-fit:cover&quot;,&quot;targetWidth&quot;:851,&quot;targetHeight&quot;:1176,&quot;scaleAttr&quot;:&quot;cover&quot;,&quot;ariaLabel&quot;:&quot;Agrandir l\\u2019image\\u00a0: Certificat d\\u0027authenticit\\u00e9 - Certificate of authenticity.\\n\\nTirage d\\u0027Art - Fine Art print.&quot;,&quot;alt&quot;:&quot;Certificat d\\u0027authenticit\\u00e9 - Certificate of authenticity.\\n\\nTirage d\\u0027Art - Fine Art print.&quot;}\" data-wp-interactive=\"core\/image\" class=\"wp-block-image aligncenter size-full wp-lightbox-container\"><img loading=\"lazy\" decoding=\"async\" width=\"851\" height=\"1176\" data-wp-init=\"callbacks.setButtonStyles\" data-wp-on-async--click=\"actions.showLightbox\" data-wp-on-async--load=\"callbacks.setButtonStyles\" data-wp-on-async-window--resize=\"callbacks.setButtonStyles\" src=\"https:\/\/www.photobylaurent.com\/wp-content\/uploads\/2022\/12\/20221209_134249.jpg\" alt=\"Certificat d'authenticit\u00e9 - Certificate of authenticity.\n\nTirage d'Art - Fine Art print.\" class=\"wp-image-9983\" style=\"object-fit:cover\" srcset=\"https:\/\/www.photobylaurent.com\/wp-content\/uploads\/2022\/12\/20221209_134249.jpg 851w, https:\/\/www.photobylaurent.com\/wp-content\/uploads\/2022\/12\/20221209_134249-217x300.jpg 217w, https:\/\/www.photobylaurent.com\/wp-content\/uploads\/2022\/12\/20221209_134249-768x1061.jpg 768w, https:\/\/www.photobylaurent.com\/wp-content\/uploads\/2022\/12\/20221209_134249-800x1106.jpg 800w\" sizes=\"(max-width: 851px) 100vw, 851px\" \/><button\n\t\t\tclass=\"lightbox-trigger\"\n\t\t\ttype=\"button\"\n\t\t\taria-haspopup=\"dialog\"\n\t\t\taria-label=\"Agrandir l\u2019image\u00a0: Certificat d&#039;authenticit\u00e9 - Certificate of authenticity.\n\nTirage d&#039;Art - Fine Art print.\"\n\t\t\tdata-wp-init=\"callbacks.initTriggerButton\"\n\t\t\tdata-wp-on-async--click=\"actions.showLightbox\"\n\t\t\tdata-wp-style--right=\"context.imageButtonRight\"\n\t\t\tdata-wp-style--top=\"context.imageButtonTop\"\n\t\t>\n\t\t\t<svg xmlns=\"http:\/\/www.w3.org\/2000\/svg\" width=\"12\" height=\"12\" fill=\"none\" viewBox=\"0 0 12 12\">\n\t\t\t\t<path fill=\"#fff\" d=\"M2 0a2 2 0 0 0-2 2v2h1.5V2a.5.5 0 0 1 .5-.5h2V0H2Zm2 10.5H2a.5.5 0 0 1-.5-.5V8H0v2a2 2 0 0 0 2 2h2v-1.5ZM8 12v-1.5h2a.5.5 0 0 0 .5-.5V8H12v2a2 2 0 0 1-2 2H8Zm2-12a2 2 0 0 1 2 2v2h-1.5V2a.5.5 0 0 0-.5-.5H8V0h2Z\" \/>\n\t\t\t<\/svg>\n\t\t<\/button><\/figure>\n\n\n\n<figure data-wp-context=\"{&quot;uploadedSrc&quot;:&quot;https:\\\/\\\/www.photobylaurent.com\\\/wp-content\\\/uploads\\\/2023\\\/04\\\/5.jpg&quot;,&quot;figureClassNames&quot;:&quot;wp-block-image aligncenter size-large&quot;,&quot;figureStyles&quot;:null,&quot;imgClassNames&quot;:&quot;wp-image-10097&quot;,&quot;imgStyles&quot;:&quot;object-fit:cover&quot;,&quot;targetWidth&quot;:1400,&quot;targetHeight&quot;:2100,&quot;scaleAttr&quot;:&quot;cover&quot;,&quot;ariaLabel&quot;:&quot;Agrandir l\\u2019image\\u00a0: Laurent Spadotto, artiste photographe \\u00e0 Bordeaux - Editions limit\\u00e9es\\n\\nLaurent Spadotto, photograph artist in Bordeaux, France. Limited Editions.&quot;,&quot;alt&quot;:&quot;Laurent Spadotto, artiste photographe \\u00e0 Bordeaux - Editions limit\\u00e9es\\n\\nLaurent Spadotto, photograph artist in Bordeaux, France. Limited Editions.&quot;}\" data-wp-interactive=\"core\/image\" class=\"wp-block-image aligncenter size-large wp-lightbox-container\"><img loading=\"lazy\" decoding=\"async\" width=\"1024\" height=\"1536\" data-wp-init=\"callbacks.setButtonStyles\" data-wp-on-async--click=\"actions.showLightbox\" data-wp-on-async--load=\"callbacks.setButtonStyles\" data-wp-on-async-window--resize=\"callbacks.setButtonStyles\" src=\"https:\/\/www.photobylaurent.com\/wp-content\/uploads\/2023\/04\/5-1024x1536.jpg\" alt=\"Laurent Spadotto, artiste photographe \u00e0 Bordeaux - Editions limit\u00e9es\n\nLaurent Spadotto, photograph artist in Bordeaux, France. Limited Editions.\" class=\"wp-image-10097\" style=\"object-fit:cover\" srcset=\"https:\/\/www.photobylaurent.com\/wp-content\/uploads\/2023\/04\/5-1024x1536.jpg 1024w, https:\/\/www.photobylaurent.com\/wp-content\/uploads\/2023\/04\/5-200x300.jpg 200w, https:\/\/www.photobylaurent.com\/wp-content\/uploads\/2023\/04\/5-768x1152.jpg 768w, https:\/\/www.photobylaurent.com\/wp-content\/uploads\/2023\/04\/5-1365x2048.jpg 1365w, https:\/\/www.photobylaurent.com\/wp-content\/uploads\/2023\/04\/5-1310x1965.jpg 1310w, https:\/\/www.photobylaurent.com\/wp-content\/uploads\/2023\/04\/5-800x1200.jpg 800w, https:\/\/www.photobylaurent.com\/wp-content\/uploads\/2023\/04\/5.jpg 1400w\" sizes=\"(max-width: 1024px) 100vw, 1024px\" \/><button\n\t\t\tclass=\"lightbox-trigger\"\n\t\t\ttype=\"button\"\n\t\t\taria-haspopup=\"dialog\"\n\t\t\taria-label=\"Agrandir l\u2019image\u00a0: Laurent Spadotto, artiste photographe \u00e0 Bordeaux - Editions limit\u00e9es\n\nLaurent Spadotto, photograph artist in Bordeaux, France. Limited Editions.\"\n\t\t\tdata-wp-init=\"callbacks.initTriggerButton\"\n\t\t\tdata-wp-on-async--click=\"actions.showLightbox\"\n\t\t\tdata-wp-style--right=\"context.imageButtonRight\"\n\t\t\tdata-wp-style--top=\"context.imageButtonTop\"\n\t\t>\n\t\t\t<svg xmlns=\"http:\/\/www.w3.org\/2000\/svg\" width=\"12\" height=\"12\" fill=\"none\" viewBox=\"0 0 12 12\">\n\t\t\t\t<path fill=\"#fff\" d=\"M2 0a2 2 0 0 0-2 2v2h1.5V2a.5.5 0 0 1 .5-.5h2V0H2Zm2 10.5H2a.5.5 0 0 1-.5-.5V8H0v2a2 2 0 0 0 2 2h2v-1.5ZM8 12v-1.5h2a.5.5 0 0 0 .5-.5V8H12v2a2 2 0 0 1-2 2H8Zm2-12a2 2 0 0 1 2 2v2h-1.5V2a.5.5 0 0 0-.5-.5H8V0h2Z\" \/>\n\t\t\t<\/svg>\n\t\t<\/button><\/figure>\n\n\n\n<p class=\"has-text-align-center\"><strong>Exemple de tirages contrecoll\u00e9s sur Alu-Dibond. Il s&rsquo;agit du support que j&rsquo;utilise lors de mes expositions.<\/strong><br><strong><br>Example of artprints mounted on Alu-Dibond. This is the medium I use for my exhibitions.<br>My customers (collectors, galleries&#8230;) really appreciate this elegant support.<\/strong><\/p>\n\n\n\n<p class=\"has-text-align-center\"><\/p>\n\n\n\n<figure data-wp-context=\"{&quot;uploadedSrc&quot;:&quot;https:\\\/\\\/www.photobylaurent.com\\\/wp-content\\\/uploads\\\/2023\\\/04\\\/6.jpg&quot;,&quot;figureClassNames&quot;:&quot;wp-block-image aligncenter size-large&quot;,&quot;figureStyles&quot;:null,&quot;imgClassNames&quot;:&quot;wp-image-10098&quot;,&quot;imgStyles&quot;:&quot;object-fit:cover&quot;,&quot;targetWidth&quot;:1400,&quot;targetHeight&quot;:2100,&quot;scaleAttr&quot;:&quot;cover&quot;,&quot;ariaLabel&quot;:&quot;Agrandir l\\u2019image\\u00a0: Laurent Spadotto, artiste photographe \\u00e0 Bordeaux - Editions limit\\u00e9es\\n\\nLaurent Spadotto, photograph artist in Bordeaux, France. Limited Editions.&quot;,&quot;alt&quot;:&quot;Laurent Spadotto, artiste photographe \\u00e0 Bordeaux - Editions limit\\u00e9es\\n\\nLaurent Spadotto, photograph artist in Bordeaux, France. Limited Editions.&quot;}\" data-wp-interactive=\"core\/image\" class=\"wp-block-image aligncenter size-large wp-lightbox-container\"><img loading=\"lazy\" decoding=\"async\" width=\"1400\" height=\"2100\" data-wp-init=\"callbacks.setButtonStyles\" data-wp-on-async--click=\"actions.showLightbox\" data-wp-on-async--load=\"callbacks.setButtonStyles\" data-wp-on-async-window--resize=\"callbacks.setButtonStyles\" src=\"https:\/\/www.photobylaurent.com\/wp-content\/uploads\/2023\/04\/6-1024x1536.jpg\" alt=\"Laurent Spadotto, artiste photographe \u00e0 Bordeaux - Editions limit\u00e9es\n\nLaurent Spadotto, photograph artist in Bordeaux, France. Limited Editions.\" class=\"wp-image-10098\" style=\"object-fit:cover\" srcset=\"https:\/\/www.photobylaurent.com\/wp-content\/uploads\/2023\/04\/6-1024x1536.jpg 1024w, https:\/\/www.photobylaurent.com\/wp-content\/uploads\/2023\/04\/6-200x300.jpg 200w, https:\/\/www.photobylaurent.com\/wp-content\/uploads\/2023\/04\/6-768x1152.jpg 768w, https:\/\/www.photobylaurent.com\/wp-content\/uploads\/2023\/04\/6-1365x2048.jpg 1365w, https:\/\/www.photobylaurent.com\/wp-content\/uploads\/2023\/04\/6-1310x1965.jpg 1310w, https:\/\/www.photobylaurent.com\/wp-content\/uploads\/2023\/04\/6-800x1200.jpg 800w, https:\/\/www.photobylaurent.com\/wp-content\/uploads\/2023\/04\/6.jpg 1400w\" sizes=\"(max-width: 1400px) 100vw, 1400px\" \/><button\n\t\t\tclass=\"lightbox-trigger\"\n\t\t\ttype=\"button\"\n\t\t\taria-haspopup=\"dialog\"\n\t\t\taria-label=\"Agrandir l\u2019image\u00a0: Laurent Spadotto, artiste photographe \u00e0 Bordeaux - Editions limit\u00e9es\n\nLaurent Spadotto, photograph artist in Bordeaux, France. Limited Editions.\"\n\t\t\tdata-wp-init=\"callbacks.initTriggerButton\"\n\t\t\tdata-wp-on-async--click=\"actions.showLightbox\"\n\t\t\tdata-wp-style--right=\"context.imageButtonRight\"\n\t\t\tdata-wp-style--top=\"context.imageButtonTop\"\n\t\t>\n\t\t\t<svg xmlns=\"http:\/\/www.w3.org\/2000\/svg\" width=\"12\" height=\"12\" fill=\"none\" viewBox=\"0 0 12 12\">\n\t\t\t\t<path fill=\"#fff\" d=\"M2 0a2 2 0 0 0-2 2v2h1.5V2a.5.5 0 0 1 .5-.5h2V0H2Zm2 10.5H2a.5.5 0 0 1-.5-.5V8H0v2a2 2 0 0 0 2 2h2v-1.5ZM8 12v-1.5h2a.5.5 0 0 0 .5-.5V8H12v2a2 2 0 0 1-2 2H8Zm2-12a2 2 0 0 1 2 2v2h-1.5V2a.5.5 0 0 0-.5-.5H8V0h2Z\" \/>\n\t\t\t<\/svg>\n\t\t<\/button><\/figure>\n\n\n\n<figure data-wp-context=\"{&quot;uploadedSrc&quot;:&quot;https:\\\/\\\/www.photobylaurent.com\\\/wp-content\\\/uploads\\\/2023\\\/05\\\/laurent-spadotto-artiste-photographe-bordeaux-edition-limitee.jpg&quot;,&quot;figureClassNames&quot;:&quot;wp-block-image aligncenter size-large&quot;,&quot;figureStyles&quot;:null,&quot;imgClassNames&quot;:&quot;wp-image-10241&quot;,&quot;imgStyles&quot;:&quot;object-fit:cover&quot;,&quot;targetWidth&quot;:1397,&quot;targetHeight&quot;:749,&quot;scaleAttr&quot;:&quot;cover&quot;,&quot;ariaLabel&quot;:&quot;Agrandir l\\u2019image\\u00a0: Laurent Spadotto, artiste photographe \\u00e0 Bordeaux - Editions limit\\u00e9es\\n\\nLaurent Spadotto, photograph artist in Bordeaux, France. Limited Editions.&quot;,&quot;alt&quot;:&quot;Laurent Spadotto, artiste photographe \\u00e0 Bordeaux - Editions limit\\u00e9es\\n\\nLaurent Spadotto, photograph artist in Bordeaux, France. Limited Editions.&quot;}\" data-wp-interactive=\"core\/image\" class=\"wp-block-image aligncenter size-large wp-lightbox-container\"><img loading=\"lazy\" decoding=\"async\" width=\"1024\" height=\"549\" data-wp-init=\"callbacks.setButtonStyles\" data-wp-on-async--click=\"actions.showLightbox\" data-wp-on-async--load=\"callbacks.setButtonStyles\" data-wp-on-async-window--resize=\"callbacks.setButtonStyles\" src=\"https:\/\/www.photobylaurent.com\/wp-content\/uploads\/2023\/05\/laurent-spadotto-artiste-photographe-bordeaux-edition-limitee-1024x549.jpg\" alt=\"Laurent Spadotto, artiste photographe \u00e0 Bordeaux - Editions limit\u00e9es\n\nLaurent Spadotto, photograph artist in Bordeaux, France. Limited Editions.\" class=\"wp-image-10241\" style=\"object-fit:cover\" srcset=\"https:\/\/www.photobylaurent.com\/wp-content\/uploads\/2023\/05\/laurent-spadotto-artiste-photographe-bordeaux-edition-limitee-1024x549.jpg 1024w, https:\/\/www.photobylaurent.com\/wp-content\/uploads\/2023\/05\/laurent-spadotto-artiste-photographe-bordeaux-edition-limitee-300x161.jpg 300w, https:\/\/www.photobylaurent.com\/wp-content\/uploads\/2023\/05\/laurent-spadotto-artiste-photographe-bordeaux-edition-limitee-768x412.jpg 768w, https:\/\/www.photobylaurent.com\/wp-content\/uploads\/2023\/05\/laurent-spadotto-artiste-photographe-bordeaux-edition-limitee-1310x702.jpg 1310w, https:\/\/www.photobylaurent.com\/wp-content\/uploads\/2023\/05\/laurent-spadotto-artiste-photographe-bordeaux-edition-limitee-800x429.jpg 800w, https:\/\/www.photobylaurent.com\/wp-content\/uploads\/2023\/05\/laurent-spadotto-artiste-photographe-bordeaux-edition-limitee.jpg 1397w\" sizes=\"(max-width: 1024px) 100vw, 1024px\" \/><button\n\t\t\tclass=\"lightbox-trigger\"\n\t\t\ttype=\"button\"\n\t\t\taria-haspopup=\"dialog\"\n\t\t\taria-label=\"Agrandir l\u2019image\u00a0: Laurent Spadotto, artiste photographe \u00e0 Bordeaux - Editions limit\u00e9es\n\nLaurent Spadotto, photograph artist in Bordeaux, France. Limited Editions.\"\n\t\t\tdata-wp-init=\"callbacks.initTriggerButton\"\n\t\t\tdata-wp-on-async--click=\"actions.showLightbox\"\n\t\t\tdata-wp-style--right=\"context.imageButtonRight\"\n\t\t\tdata-wp-style--top=\"context.imageButtonTop\"\n\t\t>\n\t\t\t<svg xmlns=\"http:\/\/www.w3.org\/2000\/svg\" width=\"12\" height=\"12\" fill=\"none\" viewBox=\"0 0 12 12\">\n\t\t\t\t<path fill=\"#fff\" d=\"M2 0a2 2 0 0 0-2 2v2h1.5V2a.5.5 0 0 1 .5-.5h2V0H2Zm2 10.5H2a.5.5 0 0 1-.5-.5V8H0v2a2 2 0 0 0 2 2h2v-1.5ZM8 12v-1.5h2a.5.5 0 0 0 .5-.5V8H12v2a2 2 0 0 1-2 2H8Zm2-12a2 2 0 0 1 2 2v2h-1.5V2a.5.5 0 0 0-.5-.5H8V0h2Z\" \/>\n\t\t\t<\/svg>\n\t\t<\/button><\/figure>\n\n\n\n<p><\/p>\n","protected":false},"excerpt":{"rendered":"<p>Mes photos sont disponibles en \u00e9dition limit\u00e9e : &#8211; 3O exemplaires par cr\u00e9ation. Parfois moins en fonction de mes projets.&#8211; Les tirages d&rsquo;art sont r\u00e9alis\u00e9s par un labo professionnel \u00e0 Bordeaux, sous mon contr\u00f4le.&#8211; Papiers de type Fine Art de grande qualit\u00e9. Large choix (grammage, texture&#8230;).&#8211; Le tirage est aussi disponible contrecoll\u00e9 sur un support Aluminium-Dibond (2 ou 3mm) pr\u00eat \u00e0 \u00eatre accroch\u00e9.&#8211; Si vous le souhaitez, les tirages peuvent \u00eatre encadr\u00e9s (cadre \u00e0 bords affleurants, caisse am\u00e9ricaine&#8230;).&#8211; Chaque oeuvre [&hellip;]<\/p>\n","protected":false},"author":1,"featured_media":0,"parent":0,"menu_order":0,"comment_status":"closed","ping_status":"closed","template":"","meta":{"footnotes":""},"class_list":["post-9872","page","type-page","status-publish","hentry"],"_links":{"self":[{"href":"https:\/\/www.photobylaurent.com\/index.php\/wp-json\/wp\/v2\/pages\/9872"}],"collection":[{"href":"https:\/\/www.photobylaurent.com\/index.php\/wp-json\/wp\/v2\/pages"}],"about":[{"href":"https:\/\/www.photobylaurent.com\/index.php\/wp-json\/wp\/v2\/types\/page"}],"author":[{"embeddable":true,"href":"https:\/\/www.photobylaurent.com\/index.php\/wp-json\/wp\/v2\/users\/1"}],"replies":[{"embeddable":true,"href":"https:\/\/www.photobylaurent.com\/index.php\/wp-json\/wp\/v2\/comments?post=9872"}],"version-history":[{"count":27,"href":"https:\/\/www.photobylaurent.com\/index.php\/wp-json\/wp\/v2\/pages\/9872\/revisions"}],"predecessor-version":[{"id":11004,"href":"https:\/\/www.photobylaurent.com\/index.php\/wp-json\/wp\/v2\/pages\/9872\/revisions\/11004"}],"wp:attachment":[{"href":"https:\/\/www.photobylaurent.com\/index.php\/wp-json\/wp\/v2\/media?parent=9872"}],"curies":[{"name":"wp","href":"https:\/\/api.w.org\/{rel}","templated":true}]}}